 of 38660155?
3
What is the hundreds digit of 125799242?
2
What is the units digit of 396031876?
6
What is the ten millions digit of 42672161?
4
What is the millions digit of 149029068?
9
What is the hundred thousands digit of 408520639?
5
What is the units digit of 7143196535?
5
What is the tens digit of 97186950?
5
What is the units digit of 362158180?
0
What is the hundred thousands digit of 1029474324?
4
What is the billions digit of 1801677572?
1
What is the tens digit of 372934183?
8
What is the units digit of 236406845?
5
What is the units digit of 2100086?
6
What is the hundred thousands digit of 511059088?
0
What is the units digit of 1132571765?
5
What is the thousands digit of 153191206?
1
What is the units digit of 1185304229?
9
What is the tens digit of 268327430?
3
What is the ten thousands digit of 43779479?
7
What is the hundreds digit of 5373259522?
5
What is the units digit of 323282792?
2
What is the hundreds digit of 589744512?
5
What is the ten thousands digit of 107227459?
2
What is the thousands digit of 66349403?
9
What is the hundreds digit of 35155741?
7
What is the thousands digit of 579102112?
2
What is the hundreds digit of 137335944?
9
What is the ten thousands digit of 3279964091?
6
What is the ten thousands digit of 52065301?
6
What is the tens digit of 2060199902?
0
What is the ten millions digit of 156821745?
5
What is the hundred thousands digit of 43646387?
6
What is the hundreds digit of 346051848?
8
What is the hundreds digit of 160687719?
7
What is the hundred thousands digit of 76628078?
6
What is the hundred millions digit of 134508421?
1
What is the ten millions digit of 924363237?
2
What is the ten millions digit of 124155749?
2
What is the hundred thousands digit of 8336039?
3
What is the ten thousands digit of 630444502?
4
What is the millions digit of 1845299214?
5
What is the ten millions digit of 56556609?
5
What is the ten thousands digit of 91592761?
9
What is the ten millions digit of 96750704?
9
What is the tens digit of 349260740?
4
What is the thousands digit of 438596533?
6
What is the ten thousands digit of 3338140853?
4
What is the hundred thousands digit of 1459362457?
3
What is the ten millions digit of 557123710?
5
What is the thousands digit of 20206515?
6
What is the ten thousands digit of 1181234580?
3
What is the hundred thousands digit of 13490022?
4
What is the hundred thousands digit of 85237077?
2
What is the ten thousands digit of 227490452?
9
What is the thousands digit of 39173812?
3
What is the thousands digit of 5522127?
2
What is the millions digit of 20944537?
0
What is the ten millions digit of 2622017091?
2
What is the tens digit of 4975454071?
7
What is the tens digit of 29419183?
8
What is the hundreds digit of 88773686?
6
What is the thousands digit of 57763073?
3
What is the ten millions digit of 828436284?
2
What is the units digit of 84106423?
3
What is the thousands digit of 3457046392?
6
What is the ten thousands digit of 294098083?
9
What is the ten thousands digit of 116076737?
7
What is the thousands digit of 77912109?
2
What is the tens digit of 54927850?
5
What is the tens digit of 46861642?
4
What is the tens digit of 20474003?
0
What is the thousands digit of 1673430112?
0
What is the thousands digit of 693090376?
0
What is the hundred thousands digit of 16964360?
9
What is the billions digit of 2115299023?
2
What is the tens digit of 1946607177?
7
What is the ten millions digit of 4593569958?
9
What is the hundred thousands digit of 427802027?
8
What is the ten thousands digit of 536706732?
0
What is the ten thousands digit of 37163507?
6
What is the ten millions digit of 1416366741?
1
What is the hundreds digit of 7012814?
8
What is the hundreds digit of 100598720?
7
What is the hundreds digit of 475353135?
1
What is the ten thousands digit of 220774825?
7
What is the hundred millions digit of 140625783?
1
What is the ten millions digit of 139486541?
3
What is the ten thousands digit of 742893681?
9
What is the millions digit of 218513611?
8
What is the ten millions digit of 20446007?
2
What is the ten thousands digit of 849319325?
1
What is the hundred millions digit of 4183662321?
1
What is the ten millions digit of 135193826?
3
What is the tens digit of 24326809?
0
What is the hundred thousands digit of 30562122?
5
What is the hundred thousands digit of 168694373?
6
What is the tens digit of 6945764?
6
What is the hundred millions digit of 4249132742?
2
What is the thousands digit of 1321431981?
1
What is the thousands digit of 597180512?
0
What is the hundred thousands digit of 478921797?
9
What is the millions digit of 55174012?
5
What is the ten millions digit of 778722555?
7
What is the hundred thousands digit of 440643579?
6
What is the thousands digit of 176185101?
5
What is the millions digit of 73798330?
3
What is the ten millions digit of 481523132?
8
What is the millions digit of 92015302?
2
What is the thousands digit of 163723664?
3
What is the units digit of 241227143?
3
What is the tens digit of 126335162?
6
What is the billions digit of 2762026058?
2
What is the ten thousands digit of 20577887?
7
What is the tens digit of 2064363452?
5
What is the millions digit of 764971635?
4
What is the hundred thousands digit of 20865557?
8
What is the billions digit of 1452318851?
1
What is the hundred thousands digit of 560658294?
6
What is the thousands digit of 68257962?
7
What is the millions digit of 840520351?
0
What is the tens digit of 676698495?
9
What is the thousands digit of 58875932?
5
What is the ten millions digit of 75983660?
7
What is the units digit of 4704332224?
4
What is the hundreds digit of 612768446?
4
What is the hundreds digit of 66085091?
0
What is the thousands digit of 285619155?
9
What is the hundred thousands digit of 60040726?
0
What is the millions digit of 375091390?
5
What is the units digit of 5928059653?
3
What is the thousands digit of 983915734?
5
What is the millions digit of 152707463?
2
What is the ten thousands digit of 18318552?
1
What is the thousands digit of 387704911?
4
What is the ten thousands digit of 135830339?
3
What is the millions digit of 717677570?
7
What is the thousands digit of 475940964?
0
What is the hundred millions digit of 106895748?
1
What is the hundreds digit of 17792363?
3
What is the ten thousands digit of 3220447327?
4
What is the hundred millions digit of 4244982267?
2
What is the tens digit of 2429142491?
9
What is the millions digit of 6273393?
6
What is the hundreds digit of 45086497?
4
What is the hundred thousands digit of 41899224?
8
What is the tens digit of 43160088?
8
What is the ten millions digit of 58881684?
5
What is the ten millions digit of 312411746?
1
What is the hundreds digit of 199591630?
6
What is the ten thousands digit of 61142753?
4
What is the thousands digit of 296708277?
8
What is the ten millions digit of 1292983859?
9
What is the ten millions digit of 1909022705?
0
What is the tens digit of 343867538?
3
What is the thousands digit of 294740860?
0
What is the thousands digit of 749083606?
3
What is the hundred thousands digit of 3327800069?
8
What is the millions digit of 162895952?
2
What is the hundred thousands digit of 641952324?
9
What is the units digit of 642097217?
7
What is the hundreds digit of 744471303?
3
What is the hundred millions digit of 316059293?
3
What is the billions digit of 1703940042?
1
What is the hundred millions digit of 3914163665?
9
What is the billions digit of 1241383204?
1
What is the hundreds digit of 62954224?
2
What is the units digit of 57151698?
8
What is the tens digit of 279334857?
5
What is the ten thousands digit of 77682280?
8
What is the tens digit of 244918528?
2
What is the hundred thousands digit of 1006803139?
8
What is the units digit of 49844083?
3
What is the units digit of 95690567?
7
What is the thousands digit of 70927086?
7
What is the hundreds digit of 37353347?
3
What is the millions digit of 41713424?
1
What is the ten millions digit of 1659515681?
5
What is the hundreds digit of 39362619?
6
What is the ten thousands digit of 430510637?
1
What is the tens digit of 123917782?
8
What is the units digit of 7813670?
0
What is the thousands digit of 3195692407?
2
What is the ten millions dig